be 153*(-1 + (-3 - -5)). What is the highest common divisor of u and 17?
17
Let u = 25 + -28. Let w be u/((-2271)/324 + 4 + 3). What is the highest common divisor of w and 36?
36
Suppose -287 + 827 = 5*r. Suppose 0*v - r = -4*v. Suppose 7*q + 36 = 11*q. Calculate the greatest common factor of v and q.
9
Let b be 9/(54/42) - 2. What is the highest common divisor of 25 and b?
5
Let z(y) = y - 9. Let f be z(14). Suppose 3*u = 3*g + 3, f*g - 13 = 2*u - 6. Suppose u = 4*s - 4. What is the greatest common divisor of 1 and s?
1
Let d be 1848/(-20) + 6/(-10). Let n be (d/(-12))/(2/8). Let v = n - 18. Calculate the highest common factor of v and 104.
13
Let o(s) = 18*s + 6*s**2 - s**2 + 0*s**2 - 4*s**2 - 15. Let h be o(-15). Let p = -24 - h. Calculate the greatest common divisor of 252 and p.
36
Let b(x) = -17*x - 13. Let w be b(-3). Calculate the greatest common factor of 19 and w.
19
Suppose 0 = 90*y - 706 - 194. What is the greatest common divisor of 640 and y?
10
Suppose 0 = 4*m - 5*n - 36 - 15, 0 = -3*m - 4*n + 77. What is the greatest common factor of m and 19?
19
Let f = -42 + 37. Let m = f + 31. Let v be (-3)/(-1 + 820/832). Calculate the greatest common factor of m and v.
26
Suppose 22*q = 17*q + 11610. Calculate the greatest common factor of q and 86.
86
Suppose 2*n = 4*x - 0*x - 116, 5*n + 38 = x. Calculate the highest common factor of 826 and x.
14
Suppose -5*c - 2*j = -1395, 0 = -4*c + j + 491 + 612. Suppose 3 = 4*q - c. Calculate the greatest common divisor of 28 and q.
14
Suppose h + 4*h - 1 = -b, -3*b + 5*h + 3 = 0. Let y(d) = 3*d + 31. Let g be y(-8). What is the greatest common divisor of b and g?
1
Let u(q) = 5*q**3 + 6*q**2 - 8*q + 3. Let v be u(3). Let d be (-1432)/(-34) + 4/(-34). What is the highest common divisor of d and v?
42
Let u(l) = 3*l**2 + 0 + 6 + 5*l + 11*l. Let b be -6 + 3 + 1 + -4. Let d be u(b). What is the greatest common divisor of 18 and d?
18
Let x = 25 - 23. Let h be (-3 - -2) + (x - -15). Suppose -46 = -a - u, -u + 3 - 5 = 0. What is the highest common factor of h and a?
16
Suppose -8*q + 90 = -3*q. Let i = -3 - -1. Let w be (-48)/(-22) + i/11. What is the greatest common divisor of w and q?
2
Let p = -49 - -22. Let r = 34 + p. Calculate the greatest common divisor of r and 1.
1
Let m(n) = -22*n - 65. Let k be m(-6). Calculate the greatest common divisor of k and 335.
67
Suppose 0 = 5*v + 4*a, 6*v + a - 15 = v. Calculate the highest common factor of 108 and v.
4
Suppose -16*h + 15*h = -1. Let j be -2*(-1)/(-2)*-5. What is the highest common factor of h and j?
1
Let t be -1 + (-2 + 1 - 7). Let o be 18/(-81) - 20/t. Let u be 3/((-12)/(-80)) - o. Calculate the greatest common factor of u and 54.
18
Let s = -161 - -143. Let c be (s/10)/(78/(-1040)). What is the greatest common divisor of 84 and c?
12
Suppose -5*a = -25, -5*v + 4*a + 859 = -66. Suppose 0*k + 240 = 5*k. Let t = k - 27. What is the greatest common divisor of t and v?
21
Let d(w) = 3*w**3 - 2*w**2 - 3*w + 4. Let c be 12/8*8/3. Let z be d(c). Let b be (-3)/(-9) + z/3. Calculate the highest common factor of 34 and b.
17
Suppose 11*r = 9*r + 108. Suppose r*b - 58*b = -16. Calculate the greatest common divisor of 3 and b.
1
Suppose t - 26 = -3*v, -3*v - 2*v = 5*t - 150. What is the greatest common divisor of 3 and t?
1
Suppose 5432 + 4806 - 2885 = 43*k. Let m = 1 - 1. Suppose 0*v + v - 19 = m. What is the highest common factor of k and v?
19
Suppose -7*y - 17*y + 1080 = 0. What is the greatest common factor of y and 105?
15
Let o = 5 - 1. Suppose -o*j - l = -88, -2*j = -0*j - 2*l - 44. Suppose 4*a = 3*a + j. What is the greatest common divisor of a and 11?
11
Suppose 7*z - 10917 - 10629 = 0. What is the highest common divisor of 38 and z?
38
Let r = 854 + -773. Calculate the greatest common divisor of 162 and r.
81
Suppose -118*y + 841 = -2935. What is the highest common factor of y and 2048?
32
Suppose 0*o = -o + 36. Let v = -14 - -29. Let f = v + -3. What is the greatest common divisor of o and f?
12
Let b be -8*65/(-20) + -11. Let c(o) = -4*o + 3*o**2 + 5 + 2*o**2 - 4*o**2. Let w be c(4). What is the highest common factor of b and w?
5
Let d(z) = -z + 9. Suppose 2*y - 4*y = t, -4*t - 2*y = 0. Let n be d(t). Let q(p) = 2*p - 18. Let u be q(12). What is the greatest common divisor of u and n?
3
Let i(w) = -4*w - 14. Let j be i(-10). Let n = j + -12. Suppose -v - n = -2*q, 2*v = v. What is the highest common factor of q and 49?
7
Suppose 9*s = 3*s + 228. Let k = 13 - 7. Let n be (-76)/6*k/(-4). What is the highest common divisor of n and s?
19
Let j = -36 - -73. Suppose n = 5*v + 78 - 1742, -4*v = 5*n - 1337. Calculate the greatest common factor of v and j.
37
Suppose -2010 = -17*h - 701. Calculate the highest common divisor of 88 and h.
11
Suppose 3*g = 4*g - 100. Suppose 5*r - g = 5*k, 5*r - 113 + 13 = k. Calculate the greatest common divisor of r and 160.
20
Let q = 78 - 19. Let j = q + -23. What is the greatest common divisor of j and 60?
12
Let c be (-12)/(9/3) - -7. Suppose c*z + 2*h = 34, -z - 14 = -3*z + 3*h. Calculate the highest common factor of 90 and z.
10
Suppose 33*g - 2554 = -871. What is the highest common factor of g and 34?
17
Suppose -26*y + 431 + 1155 = 0. Calculate the greatest common divisor of 488 and y.
61
Let d = 99 + -69. Suppose -265 = -2*f + 5*i, 5*i + 105 = f - d. Calculate the greatest common factor of 52 and f.
26
Let t(i) = 60*i**2 + 30*i - 27. Let k be t(1). What is the greatest common factor of 1701 and k?
63
Let s(l) = -7*l**2 + 1. Let x be s(1). Let y = x + 28. Calculate the greatest common factor of 66 and y.
22
Suppose 5*q = q + 160. Suppose 6*n - 69 = 27. Calculate the greatest common factor of n and q.
8
Let z(l) = 4*l**2 - 3*l + 2. Let g be z(4). Suppose -o - 3*o = 64. Let v = g + o. What is the greatest common factor of 19 and v?
19
Suppose 3*b = -0*b - 2*t + 13, -23 = -5*b - 4*t. Suppose w + b*w = -48. Let l be (w/(-3))/4 + 0. Calculate the highest common factor of 7 and l.
1
Let n(d) = -2*d - 18. Let b be n(-19). Suppose -4*q + v = -v - b, 5*q - 39 = -v. Calculate the highest common divisor of 14 and q.
7
Let w(c) = -16*c - 7. Let u be w(11). Let s = u + 273. Calculate the greatest common divisor of 225 and s.
45
Let k be 6/21 - (-52)/14. Suppose -6*q = -14*q + 72. Suppose q = 3*t, -k*c = 5*t - 62 + 23. Calculate the greatest common divisor of 42 and c.
6
Suppose 0 = 3*c + c - 16. Let j be ((-18)/c)/(2/(-4)). Let w be (-2 - 1) + -2 + j. Calculate the highest common divisor of w and 20.
4
Let g be 1/((-3)/(-3))*0. Suppose g*u - 4*u = -8. Let m be ((-24)/(7 - 3))/(-2) - 1. Calculate the greatest common divisor of m and u.
2
Let z(a) = 0 - 1 + 1 + a**2 + 4. Let k be z(6). Suppose -x = 4*x - k. Calculate the highest common factor of x and 56.
8
Suppose 3*j = -2*c + 1947, 2*j = 4*c - 0*c - 3870. Calculate the highest common divisor of 19 and c.
19
Suppose -262*y - 9900 = -273*y. What is the highest common divisor of y and 40?
20
Suppose 4*o = 4*g + 56, 0 = -4*g - 1 - 7. Suppose 0 = b - o - 5. What is the greatest common factor of b and 17?
17
Let l be 210/19 - 43/817. Let x be (-5)/((1*2)/(-22)). Calculate the greatest common divisor of x and l.
11
Let r = -6 + -104. Let l = 158 + r. Let f = -781 - -793. What is the highest common divisor of l and f?
12
Let y(j) = -j**3 - 6*j**2 + 6*j - 4. Let q be y(-7). Suppose -4*n = 3*m - 424, 8*n - q*n + 116 = m. Calculate the highest common factor of m and 17.
17
Suppose 0 = 5*r - n - 204, 3*r - 41*n + 39*n = 128. Calculate the greatest common factor of r and 145.
5
Suppose 14*h - 14 = -3*u + 12*h, 2*h + 18 = u. What is the greatest common factor of u and 136?
8
Let o = -60 + 125. Calculate the greatest common factor of o and 13.
13
Let y(a) = a**3 + 18*a**2 + 44. Let j be y(-18). Let o = j - 5. Calculate the highest common divisor of 429 and o.
39
Let u = 1380 - 1377. Let r = 29 + -2. Calculate the highest common factor of r and u.
3
Let r(o) = -2*o + 1. Let a be r(-1). Suppose 5*p - 4*p + 6 = 4*w, -5*p = 5*w - 45. What is the highest common factor of p and a?
3
Let s = 7 - 4. Suppose -1 = v - s. Calculate the greatest common factor of 16 and v.
2
Suppose -5*j + 0*j = 0. Suppose 8*l - 9*l = j. Suppose k + l*k - 26 = 0. What is the greatest common divisor of 26 and k?
26
Su